{"id":118,"date":"2016-01-28T12:00:30","date_gmt":"2016-01-28T12:00:30","guid":{"rendered":"http:\/\/demo.themegrill.com\/estore\/?page_id=118"},"modified":"2025-11-30T13:33:58","modified_gmt":"2025-11-30T12:33:58","slug":"front-page","status":"publish","type":"page","link":"https:\/\/stjf.de\/wordpress\/","title":{"rendered":"Ihr Spezialist f\u00fcr Fahrzeugtechnik und Opel-Ersatzteile \u2013 Seit 1980!"},"content":{"rendered":"\n<figure class=\"wp-block-image\"><img loading=\"lazy\" decoding=\"async\" width=\"2560\" height=\"1040\" src=\"https:\/\/stjf.de\/wordpress\/wp-content\/uploads\/2025\/11\/Header-scaled.jpg\" alt=\"\" class=\"wp-image-905\" srcset=\"https:\/\/stjf.de\/wordpress\/wp-content\/uploads\/2025\/11\/Header-scaled.jpg 2560w, https:\/\/stjf.de\/wordpress\/wp-content\/uploads\/2025\/11\/Header-300x122.jpg 300w, https:\/\/stjf.de\/wordpress\/wp-content\/uploads\/2025\/11\/Header-1024x416.jpg 1024w, https:\/\/stjf.de\/wordpress\/wp-content\/uploads\/2025\/11\/Header-768x312.jpg 768w, https:\/\/stjf.de\/wordpress\/wp-content\/uploads\/2025\/11\/Header-1536x624.jpg 1536w, https:\/\/stjf.de\/wordpress\/wp-content\/uploads\/2025\/11\/Header-2048x832.jpg 2048w, https:\/\/stjf.de\/wordpress\/wp-content\/uploads\/2025\/11\/Header-600x244.jpg 600w\" sizes=\"auto, (max-width: 2560px) 100vw, 2560px\" \/><\/figure>\n\n\n\n<p class=\"has-text-align-left\"><\/p>\n\n\n\n<p>Sie suchen einen kompetenten Partner, der handwerkliches K\u00f6nnen mit jahrzehntelanger Erfahrung verbindet? Dann sind Sie bei uns genau richtig. Wir k\u00fcmmern uns nicht nur um den Erhalt Ihres Fahrzeugs, sondern bieten Ihnen auch ma\u00dfgeschneiderte L\u00f6sungen f\u00fcr spezielle Anforderungen.<\/p>\n\n\n\n<p><b>Unsere Kompetenzen auf einen Blick:<\/b><\/p>\n\n\n\n<ul class=\"wp-block-list\">\n<li><b>Opel-Spezialist:<\/b> Lieferung von Original-Ersatzteilen, Verschlei\u00dfteilen und seltenen Spezialteilen.<\/li>\n\n\n\n<li><b>Individueller Gelenkwellenbau:<\/b> Fertigung von Antriebs- und Kardanwellen (auch Sonderanfertigungen nach Muster\/Zeichnung).<\/li>\n\n\n\n<li><b>K\u00fchlerbau &amp; Instandsetzung:<\/b> Neuk\u00fchler sowie Einl\u00f6ten von Spezialnetzen.<\/li>\n\n\n\n<li><b>Oberfl\u00e4chentechnik:<\/b> Sandstrahlen, Kugelstrahlen, Verzinken, Chromatieren und Pulverbeschichten.<\/li>\n\n\n\n<li><b>Reifen &amp; Felgen:<\/b> Gro\u00dfe Auswahl f\u00fchrender Leichtmetallfelgen und Reifen.<\/li>\n<\/ul>\n\n\n\n<p><strong>\u00dcberzeugen Sie sich von unserer Qualit\u00e4t!<\/strong><\/p>\n\n\n\n<p>Schauen Sie sich gerne um und kontaktieren Sie uns bei weiteren Fragen. Wir sind gerne f\u00fcr Sie da!<\/p>\n\n\n<div class=\"everest-forms\"><div class=\"evf-container default\" id=\"evf-705\"><form id=\"evf-form-705\" class=\"everest-form\" data-formid=\"705\" data-ajax_submission=\"0\" data-keyboard_friendly_form=\"0\" data-form_state_type=\"\" method=\"post\" enctype=\"multipart\/form-data\" action=\"\/wordpress\/wp-json\/wp\/v2\/pages\/118\"><div class=\"evf-field-container\"><input type=\"hidden\" id=\"_wpnonce705\" name=\"_wpnonce705\" value=\"d07ab7f01f\" \/><input type=\"hidden\" name=\"_wp_http_referer\" value=\"\/wordpress\/wp-json\/wp\/v2\/pages\/118\" \/><div class=\"evf-frontend-row\" data-row=\"row_1\" conditional_rules=\"[]\"><div class=\"evf-frontend-grid evf-grid-1\" data-grid=\"grid_1\"><div id=\"evf-705-field_fullname-container\" class=\"evf-field evf-field-text form-row validate-required\" data-required-field-message=\"Diese Information wird ben\u00f6tigt.\" data-field-id=\"fullname\"><label class=\"evf-field-label\" for=\"evf-705-field_fullname\"><span class=\"evf-label\">Name<\/span> <abbr class=\"required\" title=\"Required\">*<\/abbr><\/label><input type=\"text\" id=\"evf-705-field_fullname\" class=\"input-text\" name=\"everest_forms[form_fields][fullname]\" required><\/div><div id=\"evf-705-field_email-container\" class=\"evf-field evf-field-email form-row validate-required validate-email\" data-required-field-message=\"Bitte geben Sie eine g\u00fcltige E-Mail Adresse an.\" data-field-id=\"email\"><label class=\"evf-field-label\" for=\"evf-705-field_email\"><span class=\"evf-label\">Email<\/span> <abbr class=\"required\" title=\"Required\">*<\/abbr><\/label><input type=\"email\" id=\"evf-705-field_email\" class=\"input-text\" name=\"everest_forms[form_fields][email]\" required ><\/div><div id=\"evf-705-field_SuWK0iQVsQ-1-container\" class=\"evf-field evf-field-text form-row validate-required\" data-required-field-message=\"Diese Information wird ben\u00f6tigt.\" data-field-id=\"SuWK0iQVsQ-1\"><label class=\"evf-field-label\" for=\"evf-705-field_SuWK0iQVsQ-1\"><span class=\"evf-label\">Ihre Anschrift<\/span> <abbr class=\"required\" title=\"Required\">*<\/abbr><\/label><input type=\"text\" id=\"evf-705-field_SuWK0iQVsQ-1\" class=\"input-text\" name=\"everest_forms[form_fields][SuWK0iQVsQ-1]\" required><div class=\"evf-field-description\">Um Ihnen ein valides Angebot zu erstellen, ben\u00f6tigen wir Ihre vollst\u00e4ndige Anschrift.<\/div><\/div><div id=\"evf-705-field_message-container\" class=\"evf-field evf-field-textarea form-row\" data-field-id=\"message\"><label class=\"evf-field-label\" for=\"evf-705-field_message\"><span class=\"evf-label\">Ihre Nachricht<\/span> <\/label><textarea id=\"evf-705-field_message\" class=\"input-text\" name=\"everest_forms[form_fields][message]\"  ><\/textarea><\/div><\/div><\/div><\/div><div class=\"evf-honeypot-container evf-field-hp\"><label for=\"evf-705-field-hp\" class=\"evf-field-label\">Phone<\/label><input type=\"text\" name=\"everest_forms[hp]\" id=\"evf-705-field-hp\" class=\"input-text\"><\/div><div class=\"evf-submit-container \" ><input type=\"hidden\" name=\"everest_forms[id]\" value=\"705\"><input type=\"hidden\" name=\"everest_forms[author]\" value=\"1\"><button type='submit' name='everest_forms[submit]' class='everest-forms-submit-button button evf-submit ' id='evf-submit-705' value='evf-submit' data-process-text=\"Senden...\" conditional_rules='&quot;&quot;' conditional_id='evf-submit-705'  id=\"evf-submit-705\" aria-live=\"assertive\">Senden<\/button><\/div><\/form><\/div><!-- .evf-container --><\/div>","protected":false},"excerpt":{"rendered":"<p>Sie suchen einen kompetenten Partner, der handwerkliches K\u00f6nnen mit jahrzehntelanger Erfahrung verbindet? Dann sind Sie bei uns genau richtig. Wir k\u00fcmmern uns nicht nur um den Erhalt Ihres Fahrzeugs, sondern bieten Ihnen auch ma\u00dfgeschneiderte L\u00f6sungen f\u00fcr spezielle Anforderungen. Unsere Kompetenzen auf einen Blick: \u00dcberzeugen Sie sich von unserer Qualit\u00e4t! Schauen Sie sich gerne um und [&hellip;]<\/p>\n","protected":false},"author":1,"featured_media":0,"parent":0,"menu_order":0,"comment_status":"closed","ping_status":"closed","template":"","meta":{"site-sidebar-layout":"default","site-content-layout":"","ast-site-content-layout":"default","site-content-style":"default","site-sidebar-style":"default","ast-global-header-display":"","ast-banner-title-visibility":"","ast-main-header-display":"","ast-hfb-above-header-display":"","ast-hfb-below-header-display":"","ast-hfb-mobile-header-display":"","site-post-title":"","ast-breadcrumbs-content":"","ast-featured-img":"","footer-sml-layout":"","theme-transparent-header-meta":"","adv-header-id-meta":"","stick-header-meta":"","header-above-stick-meta":"","header-main-stick-meta":"","header-below-stick-meta":"","astra-migrate-meta-layouts":"set","ast-page-background-enabled":"default","ast-page-background-meta":{"desktop":{"background-color":"var(--ast-global-color-4)","background-image":"","background-repeat":"repeat","background-position":"center center","background-size":"auto","background-attachment":"scroll","background-type":"","background-media":"","overlay-type":"","overlay-color":"","overlay-opacity":"","overlay-gradient":""},"tablet":{"background-color":"","background-image":"","background-repeat":"repeat","background-position":"center center","background-size":"auto","background-attachment":"scroll","background-type":"","background-media":"","overlay-type":"","overlay-color":"","overlay-opacity":"","overlay-gradient":""},"mobile":{"background-color":"","background-image":"","background-repeat":"repeat","background-position":"center center","background-size":"auto","background-attachment":"scroll","background-type":"","background-media":"","overlay-type":"","overlay-color":"","overlay-opacity":"","overlay-gradient":""}},"ast-content-background-meta":{"desktop":{"background-color":"var(--ast-global-color-5)","background-image":"","background-repeat":"repeat","background-position":"center center","background-size":"auto","background-attachment":"scroll","background-type":"","background-media":"","overlay-type":"","overlay-color":"","overlay-opacity":"","overlay-gradient":""},"tablet":{"background-color":"var(--ast-global-color-5)","background-image":"","background-repeat":"repeat","background-position":"center center","background-size":"auto","background-attachment":"scroll","background-type":"","background-media":"","overlay-type":"","overlay-color":"","overlay-opacity":"","overlay-gradient":""},"mobile":{"background-color":"var(--ast-global-color-5)","background-image":"","background-repeat":"repeat","background-position":"center center","background-size":"auto","background-attachment":"scroll","background-type":"","background-media":"","overlay-type":"","overlay-color":"","overlay-opacity":"","overlay-gradient":""}},"footnotes":""},"class_list":["post-118","page","type-page","status-publish","hentry"],"jetpack_sharing_enabled":true,"_links":{"self":[{"href":"https:\/\/stjf.de\/wordpress\/wp-json\/wp\/v2\/pages\/118","targetHints":{"allow":["GET"]}}],"collection":[{"href":"https:\/\/stjf.de\/wordpress\/wp-json\/wp\/v2\/pages"}],"about":[{"href":"https:\/\/stjf.de\/wordpress\/wp-json\/wp\/v2\/types\/page"}],"author":[{"embeddable":true,"href":"https:\/\/stjf.de\/wordpress\/wp-json\/wp\/v2\/users\/1"}],"replies":[{"embeddable":true,"href":"https:\/\/stjf.de\/wordpress\/wp-json\/wp\/v2\/comments?post=118"}],"version-history":[{"count":26,"href":"https:\/\/stjf.de\/wordpress\/wp-json\/wp\/v2\/pages\/118\/revisions"}],"predecessor-version":[{"id":909,"href":"https:\/\/stjf.de\/wordpress\/wp-json\/wp\/v2\/pages\/118\/revisions\/909"}],"wp:attachment":[{"href":"https:\/\/stjf.de\/wordpress\/wp-json\/wp\/v2\/media?parent=118"}],"curies":[{"name":"wp","href":"https:\/\/api.w.org\/{rel}","templated":true}]}}